{"id":158,"date":"2020-09-09T19:39:59","date_gmt":"2020-09-09T17:39:59","guid":{"rendered":"https:\/\/www.foerderverein-emg.de\/?page_id=158"},"modified":"2026-03-12T17:30:11","modified_gmt":"2026-03-12T16:30:11","slug":"mitglied-werden","status":"publish","type":"page","link":"https:\/\/www.foerderverein-emg.de\/?page_id=158","title":{"rendered":"Mitglied werden"},"content":{"rendered":"<form enctype=\"multipart\/form-data\" method=\"post\" id=\"psfb26\" action=\"https:\/\/www.foerderverein-emg.de\/?page_id=158\" class=\"planso-form-builder\" data-id=\"26\" data-cnt=\"1\" id=\"planso_forms_26_1\" data-locale=\"de\" data-locale_long=\"de_DE\" data-datepicker=\"bootstrap-datetimepicker\" data-date_format=\"F j, Y\" data-moment_date_format=\"MMMM D, YYYY\" data-jqueryui_date_format=\"MM d, yy\" data-eternicode_date_format=\"MM d, yyyy\"><div class=\"container-fluid\"><input type=\"hidden\" name=\"psfb_pageurl\" value=\"https:\/\/www.foerderverein-emg.de\/?page_id=158\"\/><input type=\"hidden\" name=\"psfb_userip\" value=\"216.73.216.9\"\/><input type=\"hidden\" name=\"psfb_useragent\" value=\"Mozilla\/5.0 AppleWebKit\/537.36 (KHTML, like Gecko; compatible; ClaudeBot\/1.0; +claudebot@anthropic.com)\"\/><input type=\"hidden\" name=\"psfb_landingpage\" value=\"http:\/\/www.foerderverein-emg.de\/index.php?rest_route=%2Fwp%2Fv2%2Fpages%2F158\"\/><input type=\"hidden\" name=\"psfb_referer\" value=\"Direct\"\/><input type=\"hidden\" name=\"psfb_page_id\" value=\"158\"\/><input type=\"hidden\" name=\"psfb_form_submit\" value=\"1\"\/><input type=\"hidden\" name=\"psfb_form_id\" value=\"26\"\/><input type=\"hidden\" name=\"psfb_form_cnt\" value=\"1\"\/><div style=\"display:none\"><input type=\"text\" name=\"psfb_hon_as\"\/><\/div><div style=\"display:none\"><input type=\"text\" name=\"psfb_hon_as2\" id=\"psfb_hon_as2_26_1\" value=\"a18c6281f364794eaa7fe585a089d36a\"\/><\/div><div style=\"display:none\"><input type=\"text\" name=\"psfb_cnt_check\" value=\"1\"\/><\/div><noscript>Bitte aktivieren Sie JavaScript in Ihrem Browser, um das Formular korrekt abzuschicken<\/noscript><script type=\"text\/javascript\">document.write('<i'+'n'+'p'+'ut ty'+'pe=\"hi'+'dden\" value=\"'+document.getElementById(\"psfb_hon_as2_26_1\").value+'\" name=\"psfb_js_as\">');<\/script><div class=\"row\"><div class=\"col-md-6\"><div class=\"form-group psfb-single-container\"><label class=\"control-label\" for=\"psfield_26_1\">Name<span class=\"psfb_required_mark\">*<\/span><\/label><input type=\"text\" required=\"required\" data-required=\"required\" name=\"Name\" class=\"form-control  \" id=\"psfield_26_1\" style=\"\"\/><\/div><\/div><div class=\"col-md-6\"><div class=\"form-group psfb-single-container\"><label class=\"control-label\" for=\"psfield_26_2\">Vorname<span class=\"psfb_required_mark\">*<\/span><\/label><input type=\"text\" required=\"required\" data-required=\"required\" name=\"Vorname\" class=\"form-control  \" id=\"psfield_26_2\" style=\"\"\/><\/div><\/div><\/div><div class=\"row\"><div class=\"col-md-6\"><div class=\"form-group psfb-single-container\"><label class=\"control-label\" for=\"psfield_26_3\">Stra\u00dfe<span class=\"psfb_required_mark\">*<\/span><\/label><input type=\"text\" required=\"required\" data-required=\"required\" name=\"Stra_e\" class=\"form-control  \" id=\"psfield_26_3\" style=\"\"\/><\/div><\/div><div class=\"col-md-6\"><div class=\"form-group psfb-single-container\"><label class=\"control-label\" for=\"psfield_26_4\">Nr.<span class=\"psfb_required_mark\">*<\/span><\/label><input type=\"text\" required=\"required\" data-required=\"required\" name=\"Nr_\" class=\"form-control  \" id=\"psfield_26_4\" style=\"\"\/><\/div><\/div><\/div><div class=\"row\"><div class=\"col-md-6\"><div class=\"form-group psfb-single-container\"><label class=\"control-label\" for=\"psfield_26_5\">PLZ<span class=\"psfb_required_mark\">*<\/span><\/label><input type=\"tel\" required=\"required\" data-required=\"required\" name=\"PLZ\" class=\"form-control  \" id=\"psfield_26_5\" style=\"\"\/><\/div><\/div><div class=\"col-md-6\"><div class=\"form-group psfb-single-container\"><label class=\"control-label\" for=\"psfield_26_6\">Ort<span class=\"psfb_required_mark\">*<\/span><\/label><input type=\"tel\" required=\"required\" data-required=\"required\" name=\"Ort\" class=\"form-control  \" id=\"psfield_26_6\" style=\"\"\/><\/div><\/div><\/div><div class=\"row\"><div class=\"col-md-12\"><div class=\"form-group psfb-single-container\"><label class=\"control-label\" for=\"psfield_26_7\">Telefon<\/label><input type=\"tel\" name=\"Telefon\" class=\"form-control \" id=\"psfield_26_7\" style=\"\"\/><\/div><\/div><\/div><div class=\"row\"><div class=\"col-md-12\"><div class=\"form-group psfb-single-container\"><label class=\"control-label\" for=\"psfield_26_8\">E-Mail<span class=\"psfb_required_mark\">*<\/span><\/label><input type=\"email\" required=\"required\" data-required=\"required\" name=\"E_Mail\" class=\"form-control  \" id=\"psfield_26_8\" style=\"\"\/><\/div><\/div><\/div><div class=\"row\"><div class=\"col-md-12\"><div class=\"form-group psfb-single-container\"><label class=\"control-label\" for=\"psfield_26_9\">IBAN<span class=\"psfb_required_mark\">*<\/span><\/label><input type=\"text\" required=\"required\" data-required=\"required\" name=\"IBAN\" class=\"form-control  \" id=\"psfield_26_9\" style=\"\"\/><\/div><\/div><\/div><div class=\"row\"><div class=\"col-md-12\"><div class=\"form-group psfb-single-container\"><label class=\"control-label\" for=\"psfield_26_10\">Bankname<span class=\"psfb_required_mark\">*<\/span><\/label><input type=\"text\" required=\"required\" data-required=\"required\" name=\"Bankname\" class=\"form-control  \" id=\"psfield_26_10\" style=\"\"\/><\/div><\/div><\/div><div class=\"row\"><div class=\"col-md-12\"><div class=\"form-group psfb-single-container\"><label class=\"control-label\" for=\"psfield_26_11\">Beitrag<span class=\"psfb_required_mark\">*<\/span><\/label><div class=\"radio_wrapper\"><div class=\"radio\"><label class=\"radio_wrapper\" style=\"\"><input required=\"required\" data-required=\"required\" type=\"radio\" value=\"20\u20ac\" name=\"Beitrag\" id=\"psfield_26_11_1\">Mindestbeitrag 20 \u20ac<\/label><\/div><div class=\"radio\"><label class=\"radio_wrapper\" style=\"\"><input required=\"required\" data-required=\"required\" checked=\"checked\" type=\"radio\" value=\"X \u20ac\" name=\"Beitrag\" id=\"psfield_26_11_2\">Frei w\u00e4hlbarer Beitrag<\/label><\/div><\/div><\/div><\/div><\/div><div class=\"row\"><div class=\"col-md-12\"><div class=\"form-group psfb-single-container\"><label class=\"control-label\" for=\"psfield_26_12\">Betrag:<\/label><input type=\"text\" name=\"Betrag_\" class=\"form-control  \" id=\"psfield_26_12\" style=\"\"\/><\/div><\/div><\/div><div class=\"row\"><div class=\"col-md-12\"><div class=\"form-group psfb-single-container\"><label class=\"control-label\" for=\"psfield_26_13\">SEPA Mandat<\/label><textarea name=\"SEPA_Mandat\" placeholder=\"Ich erm\u00e4chtige den Verein der Freunde und F\u00f6rderer des Ernst-Mach-Gymnasiums der Stadt H\u00fcrth e.V. (Gl\u00e4ubiger-Identifikationsnummer: DE41ZZZ00000964381) wiederkehrende Zahlungen von meinem Konto mittels Lastschrift einzuziehen. Zugleich weise ich mein Kreditinstitut an, die vom Verein der Freunde und F\u00f6rderer des Ernst-Mach-Gymnasiums der Stadt H\u00fcrth e.V. auf mein Konto gezogenen Lastschriften einzul\u00f6sen. Ich kann innerhalb von acht Wochen, beginnend mit dem Belastungsdatum, die Erstattung des belasteten Betrages verlangen. Es gelten dabei die mit meinem Kreditinstitut vereinbarten Bedingungen.\" readonly=\"readonly\" class=\"form-control  \" id=\"psfield_26_13\" style=\"height: 163px;\"><\/textarea><\/div><\/div><\/div><div class=\"row\"><div class=\"col-md-12\"><div class=\"form-group psfb-single-container\"><p class=\"\">Der Mitgliedsbeitrag wird einmal j\u00e4hrlich Anfang M\u00e4rz eingezogen.<\/p><\/div><\/div><\/div><div class=\"row\"><div class=\"col-md-12\"><div class=\"form-group psfb-single-container\"><label class=\"control-label\" for=\"psfield_26_15\">Datenschutzerkl\u00e4rung <span class=\"psfb_required_mark\">*<\/span><\/label><div class=\"checkbox_wrapper\"><label class=\"checkbox-inline checkbox_wrapper\" style=\"\"><input data-required=\"required\" type=\"checkbox\" value=\"Datenschutz gelesen\" name=\"Datenschutzerkl_rung_[]\" id=\"psfield_26_15_1\">Ich habe den Datenschutzhinweis gelesen<\/label><\/div><\/div><\/div><\/div><div class=\"row\"><div class=\"col-md-12\"><div class=\"form-group psfb-single-container\"><div style=\"position:relative;z-index:1;\"><button type=\"submit\" class=\"btn btn-primary \" id=\"psfield_26_16\" style=\"\">Senden<\/button><\/div><\/div><\/div><\/div><\/div><\/form>\n\n\n\n<p><\/p>\n","protected":false},"excerpt":{"rendered":"","protected":false},"author":1,"featured_media":0,"parent":0,"menu_order":0,"comment_status":"closed","ping_status":"closed","template":"","meta":{"footnotes":""},"class_list":["post-158","page","type-page","status-publish","hentry"],"_links":{"self":[{"href":"https:\/\/www.foerderverein-emg.de\/index.php?rest_route=\/wp\/v2\/pages\/158","targetHints":{"allow":["GET"]}}],"collection":[{"href":"https:\/\/www.foerderverein-emg.de\/index.php?rest_route=\/wp\/v2\/pages"}],"about":[{"href":"https:\/\/www.foerderverein-emg.de\/index.php?rest_route=\/wp\/v2\/types\/page"}],"author":[{"embeddable":true,"href":"https:\/\/www.foerderverein-emg.de\/index.php?rest_route=\/wp\/v2\/users\/1"}],"replies":[{"embeddable":true,"href":"https:\/\/www.foerderverein-emg.de\/index.php?rest_route=%2Fwp%2Fv2%2Fcomments&post=158"}],"version-history":[{"count":4,"href":"https:\/\/www.foerderverein-emg.de\/index.php?rest_route=\/wp\/v2\/pages\/158\/revisions"}],"predecessor-version":[{"id":2294,"href":"https:\/\/www.foerderverein-emg.de\/index.php?rest_route=\/wp\/v2\/pages\/158\/revisions\/2294"}],"wp:attachment":[{"href":"https:\/\/www.foerderverein-emg.de\/index.php?rest_route=%2Fwp%2Fv2%2Fmedia&parent=158"}],"curies":[{"name":"wp","href":"https:\/\/api.w.org\/{rel}","templated":true}]}}