{"id":17,"date":"2019-05-30T09:30:52","date_gmt":"2019-05-30T07:30:52","guid":{"rendered":"http:\/\/fv-emg.usimon.de\/?page_id=17"},"modified":"2023-09-03T23:03:43","modified_gmt":"2023-09-03T21:03:43","slug":"projekte","status":"publish","type":"page","link":"https:\/\/www.foerderverein-emg.de\/?page_id=17","title":{"rendered":"Projekte"},"content":{"rendered":"\n<p>Die Projekte des EMG-F\u00f6rdervereins sind vielf\u00e4ltig und entwickelt sich stetig weiter. Jedes Jahr werden einzelne gro\u00dfe Projekte unterst\u00fctzt, viele kleinere Anschaffungen finanziert sowie wiederkehrende Veranstaltungen bezuschusst. Ohne die Unterst\u00fctzung des F\u00f6rdervereins w\u00e4ren viele Aktionen, die das Schulleben am EMG noch attraktiver machen, in dieser Form nicht m\u00f6glich, denn der finanzielle Spielraum der Schule ist begrenzt. Die Vorschl\u00e4ge und Antr\u00e4ge f\u00fcr die verschiedenen Projekte kommen zumeist direkt von den Lehrern oder der Schulleitung, k\u00f6nnen aber nat\u00fcrlich auch von Sch\u00fclern oder Eltern eingebracht werden.<\/p>\n\n\n\n<p>Beispiele f\u00fcr gro\u00dfe Projekte des F\u00f6rdervereins in den letzten Jahren sind:<\/p>\n\n\n\n<ul class=\"wp-block-list\">\n<li>Virtueller Auftritt im Netz<\/li>\n\n\n\n<li>Ausschreibung eines Hoodie-Design-Wettbewerbes<\/li>\n\n\n\n<li>iPads im Klassensatz<\/li>\n\n\n\n<li>Poolbillardtisch f\u00fcr den Ganztag<\/li>\n\n\n\n<li>Einrichtung Aufenthaltsr\u00e4ume<\/li>\n\n\n\n<li>Beameranbindung in der Aula<\/li>\n<\/ul>\n\n\n\n<p>Kleinere Betr\u00e4ge wurden zuletzt u.a. f\u00fcr Deko-Artikel zu Weihnachten, einen Notfall-Rucksack, Ersatz-Taschenrechner oder Bastel-Material ausgegeben.<\/p>\n\n\n\n<p>Regelm\u00e4\u00dfig wiederkehrende Ausgaben des F\u00f6rdervereins dienen insbesondere der Unterst\u00fctzung zahlreicher Veranstaltungen des EMG, z.B. durch \u00dcbernahme des Caterings:<\/p>\n\n\n\n<ul class=\"wp-block-list\">\n<li>Dies Academicus<\/li>\n\n\n\n<li>Tag der offenen T\u00fcr<\/li>\n\n\n\n<li>Erste-Hilfe-Schulung des DRK<\/li>\n\n\n\n<li>Tag des sozialen Lernens<\/li>\n\n\n\n<li>Abi-Abschlussfeier<\/li>\n\n\n\n<li>Kennenlerntag der F\u00fcnftkl\u00e4ssler<\/li>\n<\/ul>\n\n\n\n<p><\/p>\n","protected":false},"excerpt":{"rendered":"<p>Die Projekte des EMG-F\u00f6rdervereins sind vielf\u00e4ltig und entwickelt sich stetig weiter. Jedes Jahr werden einzelne gro\u00dfe Projekte unterst\u00fctzt, viele kleinere Anschaffungen finanziert sowie wiederkehrende Veranstaltungen bezuschusst. Ohne die Unterst\u00fctzung des F\u00f6rdervereins w\u00e4ren viele Aktionen, die das Schulleben am EMG noch attraktiver machen, in dieser Form nicht m\u00f6glich, denn der finanzielle Spielraum der Schule ist begrenzt. &hellip; <\/p>\n<p class=\"link-more\"><a href=\"https:\/\/www.foerderverein-emg.de\/?page_id=17\" class=\"more-link\"><span class=\"screen-reader-text\">\u201eProjekte\u201c <\/span>weiterlesen<\/a><\/p>\n","protected":false},"author":1,"featured_media":0,"parent":0,"menu_order":0,"comment_status":"closed","ping_status":"closed","template":"","meta":{"footnotes":""},"class_list":["post-17","page","type-page","status-publish","hentry"],"_links":{"self":[{"href":"https:\/\/www.foerderverein-emg.de\/index.php?rest_route=\/wp\/v2\/pages\/17","targetHints":{"allow":["GET"]}}],"collection":[{"href":"https:\/\/www.foerderverein-emg.de\/index.php?rest_route=\/wp\/v2\/pages"}],"about":[{"href":"https:\/\/www.foerderverein-emg.de\/index.php?rest_route=\/wp\/v2\/types\/page"}],"author":[{"embeddable":true,"href":"https:\/\/www.foerderverein-emg.de\/index.php?rest_route=\/wp\/v2\/users\/1"}],"replies":[{"embeddable":true,"href":"https:\/\/www.foerderverein-emg.de\/index.php?rest_route=%2Fwp%2Fv2%2Fcomments&post=17"}],"version-history":[{"count":4,"href":"https:\/\/www.foerderverein-emg.de\/index.php?rest_route=\/wp\/v2\/pages\/17\/revisions"}],"predecessor-version":[{"id":1631,"href":"https:\/\/www.foerderverein-emg.de\/index.php?rest_route=\/wp\/v2\/pages\/17\/revisions\/1631"}],"wp:attachment":[{"href":"https:\/\/www.foerderverein-emg.de\/index.php?rest_route=%2Fwp%2Fv2%2Fmedia&parent=17"}],"curies":[{"name":"wp","href":"https:\/\/api.w.org\/{rel}","templated":true}]}}