{"id":179,"date":"2020-10-19T17:57:25","date_gmt":"2020-10-19T15:57:25","guid":{"rendered":"https:\/\/www.foerderverein-emg.de\/?page_id=179"},"modified":"2021-12-27T00:14:11","modified_gmt":"2021-12-26T23:14:11","slug":"verwendung-der-gelder-und-spenden-2019","status":"publish","type":"page","link":"https:\/\/www.foerderverein-emg.de\/?page_id=179","title":{"rendered":"Verwendung der Gelder und Spenden 2019"},"content":{"rendered":"\n<figure class=\"wp-block-table\"><table><tbody><tr><td><strong>Nr<\/strong><\/td><td><strong>Titel<\/strong><\/td><td><strong>Fachschaft<\/strong><\/td><\/tr><tr><td>37<\/td><td>Aufmerksamkeit Nikolaus-Fussballturnier<\/td><td>Sport<\/td><\/tr><tr><td>36<\/td><td>Buchgeschenke Vorlese-WB <\/td><td>Deutsch<\/td><\/tr><tr><td>35<\/td><td>Zuschuss Tag der offenen T\u00fcr, Catering, Kaffee&#8230;<\/td><td>alle<\/td><\/tr><tr><td>34<\/td><td>Zuschuss Learnie<\/td><td>Klasse 5-9<\/td><\/tr><tr><td>33<\/td><td>Wanduhr f\u00fcr die Aula<\/td><td>alle<\/td><\/tr><tr><td>32<\/td><td>Klassenraumversch\u00f6nerungen<\/td><td>Klasse 5<\/td><\/tr><tr><td>31<\/td><td>Tafeln Industrialisierung<\/td><td>Klasse 8<\/td><\/tr><tr><td>30<\/td><td>B\u00fccher f\u00fcr das Selbstlernzentrum<\/td><td>alle<\/td><\/tr><tr><td>29<\/td><td>Multi-H\u00e4ngeorganizer <\/td><td>Klasse 7<\/td><\/tr><tr><td>28<\/td><td>Philharmoniebesuch<\/td><td>Musik<\/td><\/tr><tr><td>27<\/td><td>Digiyou-WB<\/td><td>Informatik<\/td><\/tr><tr><td>26<\/td><td>Zuschuss f\u00fcr Hochleistungsbeamer in der Aula<\/td><td>alle<\/td><\/tr><tr><td>25<\/td><td>Mobiliar Musikraum<\/td><td>Musik<\/td><\/tr><tr><td>24<\/td><td>Zuschuss EMG-Denkmal<\/td><td>alle<\/td><\/tr><tr><td>23<\/td><td>Zuschuss Exkursionen<\/td><td>alle<\/td><\/tr><tr><td>22<\/td><td>Preisverleihung Energiesparmeister<\/td><td>Q1<\/td><\/tr><tr><td>21<\/td><td><strong>Projekt Minik\u00f6che<\/strong><\/td><td>AG<\/td><\/tr><tr><td>20<\/td><td>Einschulungsfeier<\/td><td>Klasse 5<\/td><\/tr><tr><td>19<\/td><td>Auskleidung des Bauwagens<\/td><td>alle<\/td><\/tr><tr><td>18<\/td><td><strong>Projekt Merchandising<\/strong><\/td><td>alle<\/td><\/tr><tr><td>17<\/td><td><strong>Projekt Jahrbuch<\/strong><\/td><td>alle<\/td><\/tr><tr><td>16<\/td><td>Bewirtung Ersthelfertag<\/td><td>Q1<\/td><\/tr><tr><td>15<\/td><td>Technik f\u00fcr EMG Sommerfest<\/td><td>alle<\/td><\/tr><tr><td>14<\/td><td>Technologie f\u00fcr die Wetterstation<\/td><td>MPI<\/td><\/tr><tr><td>13<\/td><td>Zuschuss Wirtschafts-Speeddating<\/td><td>Q1,Q2<\/td><\/tr><tr><td>12<\/td><td>Preisgelder Mitgliederralley<\/td><td>7-9<\/td><\/tr><tr><td>11<\/td><td>Kennenlernnachmittag<\/td><td>neue 5-er<\/td><\/tr><tr><td>10<\/td><td>Lichttechnik f\u00fcr das Fr\u00fchlingsfest<\/td><td>Musik<\/td><\/tr><tr><td>9<\/td><td><strong>Projekt Tablett-Koffer mit 26 PADs<\/strong><\/td><td>Klasse 5,6<\/td><\/tr><tr><td>8<\/td><td>Preise K\u00e4nguru-WB<\/td><td>Mathe<\/td><\/tr><tr><td>7<\/td><td>Zuschuss Sch\u00fcleraustausch<\/td><td>Klasse 9<\/td><\/tr><tr><td>6<\/td><td>Zuschuss Dies Academicus<\/td><td>Q1,Q2<\/td><\/tr><tr><td>5<\/td><td>Akkus f\u00fcr Notfallrucksack<\/td><td>alle<\/td><\/tr><tr><td>4<\/td><td><strong>Projekt Restaurierung Steinway-Fl\u00fcgel<\/strong><\/td><td>alle<\/td><\/tr><tr><td>3<\/td><td>Zuschuss f\u00fcr Fotoausr\u00fcstung<\/td><td>Foto-AG<\/td><\/tr><tr><td>2<\/td><td>S\u00fc\u00dfigkeiten Karneval<\/td><td>alle<\/td><\/tr><tr><td>1<\/td><td>Zuschuss Fr\u00fchst\u00fcck im Advent<\/td><td>alle<\/td><\/tr><\/tbody><\/table><\/figure>\n","protected":false},"excerpt":{"rendered":"<p>Nr Titel Fachschaft 37 Aufmerksamkeit Nikolaus-Fussballturnier Sport 36 Buchgeschenke Vorlese-WB Deutsch 35 Zuschuss Tag der offenen T\u00fcr, Catering, Kaffee&#8230; alle 34 Zuschuss Learnie Klasse 5-9 33 Wanduhr f\u00fcr die Aula alle 32 Klassenraumversch\u00f6nerungen Klasse 5 31 Tafeln Industrialisierung Klasse 8 30 B\u00fccher f\u00fcr das Selbstlernzentrum alle 29 Multi-H\u00e4ngeorganizer Klasse 7 28 Philharmoniebesuch Musik 27 Digiyou-WB &hellip; <\/p>\n<p class=\"link-more\"><a href=\"https:\/\/www.foerderverein-emg.de\/?page_id=179\" class=\"more-link\"><span class=\"screen-reader-text\">\u201eVerwendung der Gelder und Spenden 2019\u201c <\/span>weiterlesen<\/a><\/p>\n","protected":false},"author":3,"featured_media":0,"parent":296,"menu_order":0,"comment_status":"closed","ping_status":"closed","template":"","meta":{"footnotes":""},"class_list":["post-179","page","type-page","status-publish","hentry"],"_links":{"self":[{"href":"https:\/\/www.foerderverein-emg.de\/index.php?rest_route=\/wp\/v2\/pages\/179","targetHints":{"allow":["GET"]}}],"collection":[{"href":"https:\/\/www.foerderverein-emg.de\/index.php?rest_route=\/wp\/v2\/pages"}],"about":[{"href":"https:\/\/www.foerderverein-emg.de\/index.php?rest_route=\/wp\/v2\/types\/page"}],"author":[{"embeddable":true,"href":"https:\/\/www.foerderverein-emg.de\/index.php?rest_route=\/wp\/v2\/users\/3"}],"replies":[{"embeddable":true,"href":"https:\/\/www.foerderverein-emg.de\/index.php?rest_route=%2Fwp%2Fv2%2Fcomments&post=179"}],"version-history":[{"count":10,"href":"https:\/\/www.foerderverein-emg.de\/index.php?rest_route=\/wp\/v2\/pages\/179\/revisions"}],"predecessor-version":[{"id":750,"href":"https:\/\/www.foerderverein-emg.de\/index.php?rest_route=\/wp\/v2\/pages\/179\/revisions\/750"}],"up":[{"embeddable":true,"href":"https:\/\/www.foerderverein-emg.de\/index.php?rest_route=\/wp\/v2\/pages\/296"}],"wp:attachment":[{"href":"https:\/\/www.foerderverein-emg.de\/index.php?rest_route=%2Fwp%2Fv2%2Fmedia&parent=179"}],"curies":[{"name":"wp","href":"https:\/\/api.w.org\/{rel}","templated":true}]}}