{"id":18,"date":"2019-05-30T09:28:23","date_gmt":"2019-05-30T07:28:23","guid":{"rendered":"http:\/\/fv-emg.usimon.de\/?page_id=18"},"modified":"2025-04-28T23:07:00","modified_gmt":"2025-04-28T21:07:00","slug":"verein-und-vorstand","status":"publish","type":"page","link":"https:\/\/www.foerderverein-emg.de\/?page_id=18","title":{"rendered":"Verein und Vorstand"},"content":{"rendered":"\n<p>Der Verein der Freunde und F\u00f6rderer des Ernst-Mach-Gymnasiums der Stadt H\u00fcrth e.V. &#8211; oder kurz: &#8222;F\u00f6rderverein des EMG&#8220; &#8211; wurde 1964 gegr\u00fcndet und hat aktuell (Stand 2025) rd. 370 Mitglieder.<\/p>\n\n\n\n<p>Ziel des Vereins ist es lt. Satzung, das Schulleben am EMG zu unterst\u00fctzen, auch \u00fcber den Unterricht hinaus. Hierzu geh\u00f6ren u.a. die Anschaffung von Einrichtungen, die F\u00f6rderung von Sch\u00fclern oder die Unterst\u00fctzung von Veranstaltungen. Dar\u00fcber hinaus soll in der Elternschaft und in der \u00d6ffentlichkeit das Verst\u00e4ndnis f\u00fcr die Belange der Schule gest\u00e4rkt werden. Die Projekte des Vereins werden \u00fcber die Beitr\u00e4ge seiner Mitglieder sowie Spendeneinnahmen finanziert. <a href=\"https:\/\/www.foerderverein-emg.de\/wp-content\/uploads\/2019\/06\/Beitrittserkl\u00e4rungDatenschutzerkl\u00e4rung-1.pdf\">Mitglied<\/a> des Vereins kann jede nat\u00fcrliche oder juristische Person werden, die zur Unterst\u00fctzung des EMG etwas beitragen m\u00f6chte. Der Verein ist parteipolitisch und konfessionell unabh\u00e4ngig. Geleitet wird der Verein durch den demokratisch gew\u00e4hlten Vorstand, der im Rahmen der Jahreshauptversammlung u.a. Gesch\u00e4ftsbericht und Kassenbericht vorlegt.<\/p>\n\n\n\n<p>Seit dem 27.3.2025 besteht der Vorstand des EMG-F\u00f6rdervereins aus folgenden Personen:<\/p>\n\n\n\n<figure class=\"wp-block-table\"><table><tbody><tr><td>1. Vorsitzende:<\/td><td>Friederike Bischoff<\/td><\/tr><tr><td>2. Vorsitzende:<\/td><td>Ulrike Dude<\/td><\/tr><tr><td>Gesch\u00e4ftsf\u00fchrerin:<\/td><td>Daniela May<\/td><\/tr><tr><td>Kassenwartin:<\/td><td>Mirca Tittmann<\/td><\/tr><tr><td>Schriftf\u00fchrerin:<\/td><td>Ute Blauhut<\/td><\/tr><\/tbody><\/table><\/figure>\n\n\n\n<figure class=\"wp-block-image size-full\"><img loading=\"lazy\" decoding=\"async\" width=\"727\" height=\"481\" src=\"https:\/\/www.foerderverein-emg.de\/wp-content\/uploads\/2025\/04\/2025-FV-EMG.jpg\" alt=\"\" class=\"wp-image-2291\" srcset=\"https:\/\/www.foerderverein-emg.de\/wp-content\/uploads\/2025\/04\/2025-FV-EMG.jpg 727w, https:\/\/www.foerderverein-emg.de\/wp-content\/uploads\/2025\/04\/2025-FV-EMG-300x198.jpg 300w, https:\/\/www.foerderverein-emg.de\/wp-content\/uploads\/2025\/04\/2025-FV-EMG-350x232.jpg 350w\" sizes=\"auto, (max-width: 727px) 100vw, 727px\" \/><\/figure>\n\n\n\n<p>Beratende Mitglieder des Vorstands sind:<\/p>\n\n\n\n<figure class=\"wp-block-table\"><table><tbody><tr><td>Schulleiter:<\/td><td>Martin Welz<\/td><\/tr><tr><td>Stellv. Schulleiter:<\/td><td>Thomas Knechten<\/td><\/tr><tr><td>Verbindungslehrer:<\/td><td>Dr. Nils Riedel<\/td><\/tr><\/tbody><\/table><\/figure>\n\n\n\n<p>Zu den Aufgaben des &#8211; ehrenamtlich t\u00e4tigen &#8211; Vorstands geh\u00f6ren insbesondere die Beratung und die Entscheidung \u00fcber beantragte Projekte, die Gewinnung und die Betreuung von Mitgliedern und Sponsoren sowie die Abwicklung der Ein- und Auszahlungen.<\/p>\n\n\n\n<p>Die Kontaktemail des Vorstands lautet:<br><a href=\"mailto:vorstand@foerderverein-emg.de\">vorstand@foerderverein-emg.de<\/a> <\/p>\n\n\n\n<p><\/p>\n","protected":false},"excerpt":{"rendered":"<p>Der Verein der Freunde und F\u00f6rderer des Ernst-Mach-Gymnasiums der Stadt H\u00fcrth e.V. &#8211; oder kurz: &#8222;F\u00f6rderverein des EMG&#8220; &#8211; wurde 1964 gegr\u00fcndet und hat aktuell (Stand 2025) rd. 370 Mitglieder. Ziel des Vereins ist es lt. Satzung, das Schulleben am EMG zu unterst\u00fctzen, auch \u00fcber den Unterricht hinaus. Hierzu geh\u00f6ren u.a. die Anschaffung von Einrichtungen, &hellip; <\/p>\n<p class=\"link-more\"><a href=\"https:\/\/www.foerderverein-emg.de\/?page_id=18\" class=\"more-link\"><span class=\"screen-reader-text\">\u201eVerein und Vorstand\u201c <\/span>weiterlesen<\/a><\/p>\n","protected":false},"author":1,"featured_media":0,"parent":0,"menu_order":0,"comment_status":"closed","ping_status":"closed","template":"","meta":{"footnotes":""},"class_list":["post-18","page","type-page","status-publish","hentry"],"_links":{"self":[{"href":"https:\/\/www.foerderverein-emg.de\/index.php?rest_route=\/wp\/v2\/pages\/18","targetHints":{"allow":["GET"]}}],"collection":[{"href":"https:\/\/www.foerderverein-emg.de\/index.php?rest_route=\/wp\/v2\/pages"}],"about":[{"href":"https:\/\/www.foerderverein-emg.de\/index.php?rest_route=\/wp\/v2\/types\/page"}],"author":[{"embeddable":true,"href":"https:\/\/www.foerderverein-emg.de\/index.php?rest_route=\/wp\/v2\/users\/1"}],"replies":[{"embeddable":true,"href":"https:\/\/www.foerderverein-emg.de\/index.php?rest_route=%2Fwp%2Fv2%2Fcomments&post=18"}],"version-history":[{"count":35,"href":"https:\/\/www.foerderverein-emg.de\/index.php?rest_route=\/wp\/v2\/pages\/18\/revisions"}],"predecessor-version":[{"id":3114,"href":"https:\/\/www.foerderverein-emg.de\/index.php?rest_route=\/wp\/v2\/pages\/18\/revisions\/3114"}],"wp:attachment":[{"href":"https:\/\/www.foerderverein-emg.de\/index.php?rest_route=%2Fwp%2Fv2%2Fmedia&parent=18"}],"curies":[{"name":"wp","href":"https:\/\/api.w.org\/{rel}","templated":true}]}}