{"id":185,"date":"2020-10-17T11:59:09","date_gmt":"2020-10-17T09:59:09","guid":{"rendered":"https:\/\/www.foerderverein-emg.de\/?page_id=185"},"modified":"2021-01-09T21:29:31","modified_gmt":"2021-01-09T20:29:31","slug":"verwendung-der-gelder-und-spenden-2020","status":"publish","type":"page","link":"https:\/\/www.foerderverein-emg.de\/?page_id=185","title":{"rendered":"Verwendung der Gelder und Spenden 2020"},"content":{"rendered":"\n<figure class=\"wp-block-table\"><table><tbody><tr><td><strong>Nr<\/strong><\/td><td><strong>Titel<\/strong><\/td><td><strong>Fachschaft<\/strong><\/td><\/tr><tr><td>18<\/td><td>Buchgeschenke Vorlese-WB<\/td><td>Deutsch<\/td><\/tr><tr><td>17<\/td><td>Zuschuss Catering<\/td><td>alle<\/td><\/tr><tr><td>16<\/td><td>Verleihung Deutsches Sportabzeichen<\/td><td>Sport<\/td><\/tr><tr><td>15<\/td><td>Beschaffung E-Gitarre<\/td><td>Musik<\/td><\/tr><tr><td>14<\/td><td>Klassenraumversch\u00f6nerung<\/td><td>Klasse 6<\/td><\/tr><tr><td>13<\/td><td>Zuschuss Learnie<\/td><td>Klasse 5-9<\/td><\/tr><tr><td>12<\/td><td>Verleih von digitalen Endger\u00e4ten<\/td><td>alle<\/td><\/tr><tr><td>11<\/td><td>Einschulungsfeier<\/td><td>Klasse 5<\/td><\/tr><tr><td>10<\/td><td>Wartung des Notfallrucksackes<\/td><td>alle<\/td><\/tr><tr><td>9<\/td><td>Preise K\u00e4nguru-WB<\/td><td>Mathe<\/td><\/tr><tr><td>8<\/td><td>Wanduhr f\u00fcr das D-Geb\u00e4ude<\/td><td>Oberstufe<\/td><\/tr><tr><td>7<\/td><td>Deko f\u00fcr Karnevalfeier<\/td><td>alle<\/td><\/tr><tr><td>6<\/td><td>Raummiete  Musikfahrt<\/td><td>Musik-AG<\/td><\/tr><tr><td>5<\/td><td>Zuschuss f\u00fcr Bewirtung Crashkurs<\/td><td>Q1<\/td><\/tr><tr><td>4<\/td><td>Auslagen Weihnachtsdeko<\/td><td>Aula<\/td><\/tr><tr><td>3<\/td><td>Zuschuss f\u00fcr Mikrofone und Stative<\/td><td>Technik-AG<\/td><\/tr><tr><td>2<\/td><td>Ausgleich Skawinafahrt<\/td><td>Klasse 9<\/td><\/tr><tr><td>1<\/td><td>Aufmerksamkeit Nikolaus-Fussballturnier<\/td><td>Sport<\/td><\/tr><\/tbody><\/table><\/figure>\n","protected":false},"excerpt":{"rendered":"<p>Nr Titel Fachschaft 18 Buchgeschenke Vorlese-WB Deutsch 17 Zuschuss Catering alle 16 Verleihung Deutsches Sportabzeichen Sport 15 Beschaffung E-Gitarre Musik 14 Klassenraumversch\u00f6nerung Klasse 6 13 Zuschuss Learnie Klasse 5-9 12 Verleih von digitalen Endger\u00e4ten alle 11 Einschulungsfeier Klasse 5 10 Wartung des Notfallrucksackes alle 9 Preise K\u00e4nguru-WB Mathe 8 Wanduhr f\u00fcr das D-Geb\u00e4ude Oberstufe 7 &hellip; <\/p>\n<p class=\"link-more\"><a href=\"https:\/\/www.foerderverein-emg.de\/?page_id=185\" class=\"more-link\"><span class=\"screen-reader-text\">\u201eVerwendung der Gelder und Spenden 2020\u201c <\/span>weiterlesen<\/a><\/p>\n","protected":false},"author":3,"featured_media":0,"parent":296,"menu_order":0,"comment_status":"closed","ping_status":"closed","template":"","meta":{"footnotes":""},"class_list":["post-185","page","type-page","status-publish","hentry"],"_links":{"self":[{"href":"https:\/\/www.foerderverein-emg.de\/index.php?rest_route=\/wp\/v2\/pages\/185","targetHints":{"allow":["GET"]}}],"collection":[{"href":"https:\/\/www.foerderverein-emg.de\/index.php?rest_route=\/wp\/v2\/pages"}],"about":[{"href":"https:\/\/www.foerderverein-emg.de\/index.php?rest_route=\/wp\/v2\/types\/page"}],"author":[{"embeddable":true,"href":"https:\/\/www.foerderverein-emg.de\/index.php?rest_route=\/wp\/v2\/users\/3"}],"replies":[{"embeddable":true,"href":"https:\/\/www.foerderverein-emg.de\/index.php?rest_route=%2Fwp%2Fv2%2Fcomments&post=185"}],"version-history":[{"count":4,"href":"https:\/\/www.foerderverein-emg.de\/index.php?rest_route=\/wp\/v2\/pages\/185\/revisions"}],"predecessor-version":[{"id":424,"href":"https:\/\/www.foerderverein-emg.de\/index.php?rest_route=\/wp\/v2\/pages\/185\/revisions\/424"}],"up":[{"embeddable":true,"href":"https:\/\/www.foerderverein-emg.de\/index.php?rest_route=\/wp\/v2\/pages\/296"}],"wp:attachment":[{"href":"https:\/\/www.foerderverein-emg.de\/index.php?rest_route=%2Fwp%2Fv2%2Fmedia&parent=185"}],"curies":[{"name":"wp","href":"https:\/\/api.w.org\/{rel}","templated":true}]}}