{"id":2066,"date":"2024-10-28T13:46:25","date_gmt":"2024-10-28T12:46:25","guid":{"rendered":"https:\/\/www.foerderverein-emg.de\/?page_id=2066"},"modified":"2024-10-28T13:55:49","modified_gmt":"2024-10-28T12:55:49","slug":"protekte-2024","status":"publish","type":"page","link":"https:\/\/www.foerderverein-emg.de\/?page_id=2066","title":{"rendered":"Projekte 2024"},"content":{"rendered":"\n<p>Unter den Projekten sind gr\u00f6\u00dfere Anschaffungen ( &gt; 2.000 \u20ac ) gelistet, die eine l\u00e4ngere Planung ben\u00f6tigen und oft \u00fcber zweckgebunde Spenden finanziert werden.<\/p>\n\n\n\n<div class=\"wp-block-media-text is-stacked-on-mobile\" style=\"grid-template-columns:25% auto\"><figure class=\"wp-block-media-text__media\"><img loading=\"lazy\" decoding=\"async\" width=\"768\" height=\"1024\" src=\"https:\/\/www.foerderverein-emg.de\/wp-content\/uploads\/2024\/10\/IMG_4330-768x1024.jpeg\" alt=\"\" class=\"wp-image-2067 size-full\" srcset=\"https:\/\/www.foerderverein-emg.de\/wp-content\/uploads\/2024\/10\/IMG_4330-768x1024.jpeg 768w, https:\/\/www.foerderverein-emg.de\/wp-content\/uploads\/2024\/10\/IMG_4330-225x300.jpeg 225w, https:\/\/www.foerderverein-emg.de\/wp-content\/uploads\/2024\/10\/IMG_4330-1152x1536.jpeg 1152w, https:\/\/www.foerderverein-emg.de\/wp-content\/uploads\/2024\/10\/IMG_4330-1536x2048.jpeg 1536w, https:\/\/www.foerderverein-emg.de\/wp-content\/uploads\/2024\/10\/IMG_4330-350x467.jpeg 350w, https:\/\/www.foerderverein-emg.de\/wp-content\/uploads\/2024\/10\/IMG_4330-scaled.jpeg 1920w\" sizes=\"auto, (max-width: 767px) 89vw, (max-width: 1000px) 54vw, (max-width: 1071px) 543px, 580px\" \/><\/figure><div class=\"wp-block-media-text__content\">\n<p><strong>Zubeh\u00f6r f\u00fcr Feiern<\/strong><br>F\u00fcr Feiern wie das Sommerfest, Abschlusstreffen der Klassenverb\u00e4nde, Veranstaltungen der Oberstufe, ect. wurden zur Unterst\u00fctzung weitere Komponenten wie eine Slusheis- und Popcornmaschine sowie 2 neue Grills beschafft.<\/p>\n<\/div><\/div>\n\n\n\n<div style=\"height:44px\" aria-hidden=\"true\" class=\"wp-block-spacer\"><\/div>\n\n\n\n<div class=\"wp-block-media-text is-stacked-on-mobile\" style=\"grid-template-columns:28% auto\"><figure class=\"wp-block-media-text__media\"><img loading=\"lazy\" decoding=\"async\" width=\"622\" height=\"328\" src=\"https:\/\/www.foerderverein-emg.de\/wp-content\/uploads\/2021\/04\/Screenshot-2021-04-18-163429.png\" alt=\"\" class=\"wp-image-560 size-full\" srcset=\"https:\/\/www.foerderverein-emg.de\/wp-content\/uploads\/2021\/04\/Screenshot-2021-04-18-163429.png 622w, https:\/\/www.foerderverein-emg.de\/wp-content\/uploads\/2021\/04\/Screenshot-2021-04-18-163429-350x185.png 350w, https:\/\/www.foerderverein-emg.de\/wp-content\/uploads\/2021\/04\/Screenshot-2021-04-18-163429-300x158.png 300w\" sizes=\"auto, (max-width: 622px) 100vw, 622px\" \/><\/figure><div class=\"wp-block-media-text__content\">\n<p><strong>Tischtennisplatten<\/strong> <br>Mit Hilfe einer gro\u00dfz\u00fcgigen Spende der KSK K\u00f6ln werden f\u00fcr den Au\u00dfenbereich 2 weitere feste Tischtennisplatten aufgebaut.<\/p>\n<\/div><\/div>\n","protected":false},"excerpt":{"rendered":"<p>Unter den Projekten sind gr\u00f6\u00dfere Anschaffungen ( &gt; 2.000 \u20ac ) gelistet, die eine l\u00e4ngere Planung ben\u00f6tigen und oft \u00fcber zweckgebunde Spenden finanziert werden. Zubeh\u00f6r f\u00fcr FeiernF\u00fcr Feiern wie das Sommerfest, Abschlusstreffen der Klassenverb\u00e4nde, Veranstaltungen der Oberstufe, ect. wurden zur Unterst\u00fctzung weitere Komponenten wie eine Slusheis- und Popcornmaschine sowie 2 neue Grills beschafft. Tischtennisplatten Mit &hellip; <\/p>\n<p class=\"link-more\"><a href=\"https:\/\/www.foerderverein-emg.de\/?page_id=2066\" class=\"more-link\"><span class=\"screen-reader-text\">\u201eProjekte 2024\u201c <\/span>weiterlesen<\/a><\/p>\n","protected":false},"author":3,"featured_media":0,"parent":17,"menu_order":0,"comment_status":"closed","ping_status":"closed","template":"","meta":{"footnotes":""},"class_list":["post-2066","page","type-page","status-publish","hentry"],"_links":{"self":[{"href":"https:\/\/www.foerderverein-emg.de\/index.php?rest_route=\/wp\/v2\/pages\/2066","targetHints":{"allow":["GET"]}}],"collection":[{"href":"https:\/\/www.foerderverein-emg.de\/index.php?rest_route=\/wp\/v2\/pages"}],"about":[{"href":"https:\/\/www.foerderverein-emg.de\/index.php?rest_route=\/wp\/v2\/types\/page"}],"author":[{"embeddable":true,"href":"https:\/\/www.foerderverein-emg.de\/index.php?rest_route=\/wp\/v2\/users\/3"}],"replies":[{"embeddable":true,"href":"https:\/\/www.foerderverein-emg.de\/index.php?rest_route=%2Fwp%2Fv2%2Fcomments&post=2066"}],"version-history":[{"count":5,"href":"https:\/\/www.foerderverein-emg.de\/index.php?rest_route=\/wp\/v2\/pages\/2066\/revisions"}],"predecessor-version":[{"id":2073,"href":"https:\/\/www.foerderverein-emg.de\/index.php?rest_route=\/wp\/v2\/pages\/2066\/revisions\/2073"}],"up":[{"embeddable":true,"href":"https:\/\/www.foerderverein-emg.de\/index.php?rest_route=\/wp\/v2\/pages\/17"}],"wp:attachment":[{"href":"https:\/\/www.foerderverein-emg.de\/index.php?rest_route=%2Fwp%2Fv2%2Fmedia&parent=2066"}],"curies":[{"name":"wp","href":"https:\/\/api.w.org\/{rel}","templated":true}]}}