{"id":222,"date":"2020-10-19T20:04:59","date_gmt":"2020-10-19T18:04:59","guid":{"rendered":"https:\/\/www.foerderverein-emg.de\/?page_id=222"},"modified":"2023-05-12T18:54:26","modified_gmt":"2023-05-12T16:54:26","slug":"projekte-2019","status":"publish","type":"page","link":"https:\/\/www.foerderverein-emg.de\/?page_id=222","title":{"rendered":"Projekte 2019"},"content":{"rendered":"\n<p>Unter den Projekten sind gr\u00f6\u00dfere Anschaffungen ( &gt; 2.000 \u20ac ) gelistet, die eine l\u00e4ngere Planung ben\u00f6tigen und oft \u00fcber zweckgebunde Spenden finanziert werden.<\/p>\n\n\n\n<div class=\"wp-block-media-text alignwide is-stacked-on-mobile\" style=\"grid-template-columns:30% auto\"><figure class=\"wp-block-media-text__media\"><img loading=\"lazy\" decoding=\"async\" width=\"555\" height=\"448\" src=\"https:\/\/www.foerderverein-emg.de\/wp-content\/uploads\/2020\/11\/IPADs.png\" alt=\"\" class=\"wp-image-378 size-full\" srcset=\"https:\/\/www.foerderverein-emg.de\/wp-content\/uploads\/2020\/11\/IPADs.png 555w, https:\/\/www.foerderverein-emg.de\/wp-content\/uploads\/2020\/11\/IPADs-350x283.png 350w, https:\/\/www.foerderverein-emg.de\/wp-content\/uploads\/2020\/11\/IPADs-300x242.png 300w\" sizes=\"auto, (max-width: 555px) 100vw, 555px\" \/><\/figure><div class=\"wp-block-media-text__content\">\n<p style=\"font-size:14px\"><strong>Tablet-Koffer<\/strong><br>Es wurde ein IPad-Koffer angeschafft, um allen Sch\u00fclerinnen und Sch\u00fcler im Unterricht die Lerninhalte &#8211; zun\u00e4chst im Fach Biologie &#8211; mit einem Tablet zu vermitteln. Das Buch kann nicht nur gegen das Tablett getauscht, sondern der Unterricht \u00fcber Apps interaktiv gestaltet werden, um die Aufmerksamkeit der Sch\u00fclerinnen und Sch\u00fcler zu steigern.<\/p>\n<\/div><\/div>\n\n\n\n<div style=\"height:40px\" aria-hidden=\"true\" class=\"wp-block-spacer\"><\/div>\n\n\n\n<div class=\"wp-block-media-text alignwide is-stacked-on-mobile\" style=\"grid-template-columns:31% auto\"><figure class=\"wp-block-media-text__media\"><img loading=\"lazy\" decoding=\"async\" width=\"1024\" height=\"796\" src=\"https:\/\/www.foerderverein-emg.de\/wp-content\/uploads\/2020\/11\/EMG-Fo\u2560erderverein-2020-7-1024x796.jpg\" alt=\"\" class=\"wp-image-339 size-full\" srcset=\"https:\/\/www.foerderverein-emg.de\/wp-content\/uploads\/2020\/11\/EMG-Fo\u2560erderverein-2020-7-1024x796.jpg 1024w, https:\/\/www.foerderverein-emg.de\/wp-content\/uploads\/2020\/11\/EMG-Fo\u2560erderverein-2020-7-350x272.jpg 350w, https:\/\/www.foerderverein-emg.de\/wp-content\/uploads\/2020\/11\/EMG-Fo\u2560erderverein-2020-7-300x233.jpg 300w, https:\/\/www.foerderverein-emg.de\/wp-content\/uploads\/2020\/11\/EMG-Fo\u2560erderverein-2020-7-768x597.jpg 768w, https:\/\/www.foerderverein-emg.de\/wp-content\/uploads\/2020\/11\/EMG-Fo\u2560erderverein-2020-7.jpg 1266w\" sizes=\"auto, (max-width: 767px) 89vw, (max-width: 1000px) 54vw, (max-width: 1071px) 543px, 580px\" \/><\/figure><div class=\"wp-block-media-text__content\">\n<p style=\"font-size:14px\"><strong>Beamer<\/strong><br>Insgesamt wurde ein Zuschuss zu 5 Klassenraumbeamern und dem Hochleistungsbeamer in der Aula gegeben, um qualitativ bessere Ger\u00e4te &#8211; als \u00fcber die Haushaltsmittel erlaubt &#8211; anschaffen zu k\u00f6nnen.<\/p>\n<\/div><\/div>\n\n\n\n<div style=\"height:40px\" aria-hidden=\"true\" class=\"wp-block-spacer\"><\/div>\n\n\n\n<div class=\"wp-block-media-text alignwide is-stacked-on-mobile\" style=\"grid-template-columns:32% auto\"><figure class=\"wp-block-media-text__media\"><img loading=\"lazy\" decoding=\"async\" width=\"1024\" height=\"1022\" src=\"https:\/\/www.foerderverein-emg.de\/wp-content\/uploads\/2020\/10\/Fluegel-1024x1022.jpg\" alt=\"\" class=\"wp-image-218 size-full\" srcset=\"https:\/\/www.foerderverein-emg.de\/wp-content\/uploads\/2020\/10\/Fluegel-1024x1022.jpg 1024w, https:\/\/www.foerderverein-emg.de\/wp-content\/uploads\/2020\/10\/Fluegel-scaled-250x250.jpg 250w, https:\/\/www.foerderverein-emg.de\/wp-content\/uploads\/2020\/10\/Fluegel-100x100.jpg 100w, https:\/\/www.foerderverein-emg.de\/wp-content\/uploads\/2020\/10\/Fluegel-scaled-350x349.jpg 350w, https:\/\/www.foerderverein-emg.de\/wp-content\/uploads\/2020\/10\/Fluegel-300x300.jpg 300w, https:\/\/www.foerderverein-emg.de\/wp-content\/uploads\/2020\/10\/Fluegel-150x150.jpg 150w, https:\/\/www.foerderverein-emg.de\/wp-content\/uploads\/2020\/10\/Fluegel-768x766.jpg 768w, https:\/\/www.foerderverein-emg.de\/wp-content\/uploads\/2020\/10\/Fluegel-1536x1533.jpg 1536w, https:\/\/www.foerderverein-emg.de\/wp-content\/uploads\/2020\/10\/Fluegel-2048x2043.jpg 2048w\" sizes=\"auto, (max-width: 767px) 89vw, (max-width: 1000px) 54vw, (max-width: 1071px) 543px, 580px\" \/><\/figure><div class=\"wp-block-media-text__content\">\n<p style=\"font-size:14px\"><strong>Steinway&amp;Sons-Fl\u00fcgel<\/strong><br>Der Fl\u00fcgel konnte in einer aufwendigen \u00dcberholung der Mechanik wieder technisch einwandfrei bespielbar und klanglich perfekt gemacht werden. Dieses Projekt konnte durch eine gro\u00dfz\u00fcgige Spende der Raiffeisenbank Frechen-H\u00fcrth eG finanziert werden.<\/p>\n<\/div><\/div>\n\n\n\n<div style=\"height:40px\" aria-hidden=\"true\" class=\"wp-block-spacer\"><\/div>\n\n\n\n<div class=\"wp-block-media-text alignwide is-stacked-on-mobile\" style=\"grid-template-columns:33% auto\"><figure class=\"wp-block-media-text__media\"><img loading=\"lazy\" decoding=\"async\" width=\"320\" height=\"240\" src=\"https:\/\/www.foerderverein-emg.de\/wp-content\/uploads\/2020\/10\/Tassen_EMG.jpeg\" alt=\"\" class=\"wp-image-260 size-full\" srcset=\"https:\/\/www.foerderverein-emg.de\/wp-content\/uploads\/2020\/10\/Tassen_EMG.jpeg 320w, https:\/\/www.foerderverein-emg.de\/wp-content\/uploads\/2020\/10\/Tassen_EMG-300x225.jpeg 300w\" sizes=\"auto, (max-width: 320px) 100vw, 320px\" \/><\/figure><div class=\"wp-block-media-text__content\">\n<p style=\"font-size:14px\"><strong>Merchandising<\/strong><br>Die zur\u00fcckgestellte Vorfinanzierung der Tassen mit dem EMG-Logo konnte realisiert werden und wird \u00fcber den Verkauf bei mehreren Schulveranstaltungen amortisiert.<\/p>\n<\/div><\/div>\n\n\n\n<div style=\"height:40px\" aria-hidden=\"true\" class=\"wp-block-spacer\"><\/div>\n\n\n\n<div class=\"wp-block-media-text alignwide is-stacked-on-mobile\" style=\"grid-template-columns:34% auto\"><figure class=\"wp-block-media-text__media\"><img loading=\"lazy\" decoding=\"async\" width=\"480\" height=\"640\" src=\"https:\/\/www.foerderverein-emg.de\/wp-content\/uploads\/2020\/10\/Jahrbuch_2020.jpg\" alt=\"\" class=\"wp-image-273 size-full\" srcset=\"https:\/\/www.foerderverein-emg.de\/wp-content\/uploads\/2020\/10\/Jahrbuch_2020.jpg 480w, https:\/\/www.foerderverein-emg.de\/wp-content\/uploads\/2020\/10\/Jahrbuch_2020-350x467.jpg 350w, https:\/\/www.foerderverein-emg.de\/wp-content\/uploads\/2020\/10\/Jahrbuch_2020-225x300.jpg 225w\" sizes=\"auto, (max-width: 480px) 100vw, 480px\" \/><\/figure><div class=\"wp-block-media-text__content\">\n<p style=\"font-size:14px\"><strong>Jahrbuch 2019<\/strong><br>Das Jahrbuch 2019 wurde durch den F\u00f6rderverein vorfinanziert und konnte dieses Jahr durch die Mithilfe vieler Sponsoren f\u00fcr den Anzeigenteil und den Verkauf an Interessenten mehr als kostendeckend verkauft werden.<\/p>\n<\/div><\/div>\n\n\n\n<p><\/p>\n","protected":false},"excerpt":{"rendered":"<p>Unter den Projekten sind gr\u00f6\u00dfere Anschaffungen ( &gt; 2.000 \u20ac ) gelistet, die eine l\u00e4ngere Planung ben\u00f6tigen und oft \u00fcber zweckgebunde Spenden finanziert werden. Tablet-KofferEs wurde ein IPad-Koffer angeschafft, um allen Sch\u00fclerinnen und Sch\u00fcler im Unterricht die Lerninhalte &#8211; zun\u00e4chst im Fach Biologie &#8211; mit einem Tablet zu vermitteln. Das Buch kann nicht nur gegen &hellip; <\/p>\n<p class=\"link-more\"><a href=\"https:\/\/www.foerderverein-emg.de\/?page_id=222\" class=\"more-link\"><span class=\"screen-reader-text\">\u201eProjekte 2019\u201c <\/span>weiterlesen<\/a><\/p>\n","protected":false},"author":3,"featured_media":0,"parent":17,"menu_order":0,"comment_status":"closed","ping_status":"closed","template":"","meta":{"footnotes":""},"class_list":["post-222","page","type-page","status-publish","hentry"],"_links":{"self":[{"href":"https:\/\/www.foerderverein-emg.de\/index.php?rest_route=\/wp\/v2\/pages\/222","targetHints":{"allow":["GET"]}}],"collection":[{"href":"https:\/\/www.foerderverein-emg.de\/index.php?rest_route=\/wp\/v2\/pages"}],"about":[{"href":"https:\/\/www.foerderverein-emg.de\/index.php?rest_route=\/wp\/v2\/types\/page"}],"author":[{"embeddable":true,"href":"https:\/\/www.foerderverein-emg.de\/index.php?rest_route=\/wp\/v2\/users\/3"}],"replies":[{"embeddable":true,"href":"https:\/\/www.foerderverein-emg.de\/index.php?rest_route=%2Fwp%2Fv2%2Fcomments&post=222"}],"version-history":[{"count":27,"href":"https:\/\/www.foerderverein-emg.de\/index.php?rest_route=\/wp\/v2\/pages\/222\/revisions"}],"predecessor-version":[{"id":1563,"href":"https:\/\/www.foerderverein-emg.de\/index.php?rest_route=\/wp\/v2\/pages\/222\/revisions\/1563"}],"up":[{"embeddable":true,"href":"https:\/\/www.foerderverein-emg.de\/index.php?rest_route=\/wp\/v2\/pages\/17"}],"wp:attachment":[{"href":"https:\/\/www.foerderverein-emg.de\/index.php?rest_route=%2Fwp%2Fv2%2Fmedia&parent=222"}],"curies":[{"name":"wp","href":"https:\/\/api.w.org\/{rel}","templated":true}]}}

<p>Unter den Projekten sind größere Anschaffungen ( &gt; 2.000 € ) gelistet, die eine längere Planung benötigen und oft über zweckgebunde Spenden finanziert werden.</p>



<div class="wp-block-media-text alignwide is-stacked-on-mobile" style="grid-template-columns:30% auto"><figure class="wp-block-media-text__media"><img loading="lazy" decoding="async" width="555" height="448" src="https://www.foerderverein-emg.de/wp-content/uploads/2020/11/IPADs.png" alt="" class="wp-image-378 size-full" srcset="https://www.foerderverein-emg.de/wp-content/uploads/2020/11/IPADs.png 555w, https://www.foerderverein-emg.de/wp-content/uploads/2020/11/IPADs-350x283.png 350w, https://www.foerderverein-emg.de/wp-content/uploads/2020/11/IPADs-300x242.png 300w" sizes="auto, (max-width: 555px) 100vw, 555px" /></figure><div class="wp-block-media-text__content">
<p style="font-size:14px"><strong>Tablet-Koffer</strong><br>Es wurde ein IPad-Koffer angeschafft, um allen Schülerinnen und Schüler im Unterricht die Lerninhalte &#8211; zunächst im Fach Biologie &#8211; mit einem Tablet zu vermitteln. Das Buch kann nicht nur gegen das Tablett getauscht, sondern der Unterricht über Apps interaktiv gestaltet werden, um die Aufmerksamkeit der Schülerinnen und Schüler zu steigern.</p>
</div></div>



<div style="height:40px" aria-hidden="true" class="wp-block-spacer"></div>



<div class="wp-block-media-text alignwide is-stacked-on-mobile" style="grid-template-columns:31% auto"><figure class="wp-block-media-text__media"><img loading="lazy" decoding="async" width="1024" height="796" src="https://www.foerderverein-emg.de/wp-content/uploads/2020/11/EMG-Fo╠erderverein-2020-7-1024x796.jpg" alt="" class="wp-image-339 size-full" srcset="https://www.foerderverein-emg.de/wp-content/uploads/2020/11/EMG-Fo╠erderverein-2020-7-1024x796.jpg 1024w, https://www.foerderverein-emg.de/wp-content/uploads/2020/11/EMG-Fo╠erderverein-2020-7-350x272.jpg 350w, https://www.foerderverein-emg.de/wp-content/uploads/2020/11/EMG-Fo╠erderverein-2020-7-300x233.jpg 300w, https://www.foerderverein-emg.de/wp-content/uploads/2020/11/EMG-Fo╠erderverein-2020-7-768x597.jpg 768w, https://www.foerderverein-emg.de/wp-content/uploads/2020/11/EMG-Fo╠erderverein-2020-7.jpg 1266w" sizes="auto, (max-width: 767px) 89vw, (max-width: 1000px) 54vw, (max-width: 1071px) 543px, 580px" /></figure><div class="wp-block-media-text__content">
<p style="font-size:14px"><strong>Beamer</strong><br>Insgesamt wurde ein Zuschuss zu 5 Klassenraumbeamern und dem Hochleistungsbeamer in der Aula gegeben, um qualitativ bessere Geräte &#8211; als über die Haushaltsmittel erlaubt &#8211; anschaffen zu können.</p>
</div></div>



<div style="height:40px" aria-hidden="true" class="wp-block-spacer"></div>



<div class="wp-block-media-text alignwide is-stacked-on-mobile" style="grid-template-columns:32% auto"><figure class="wp-block-media-text__media"><img loading="lazy" decoding="async" width="1024" height="1022" src="https://www.foerderverein-emg.de/wp-content/uploads/2020/10/Fluegel-1024x1022.jpg" alt="" class="wp-image-218 size-full" srcset="https://www.foerderverein-emg.de/wp-content/uploads/2020/10/Fluegel-1024x1022.jpg 1024w, https://www.foerderverein-emg.de/wp-content/uploads/2020/10/Fluegel-scaled-250x250.jpg 250w, https://www.foerderverein-emg.de/wp-content/uploads/2020/10/Fluegel-100x100.jpg 100w, https://www.foerderverein-emg.de/wp-content/uploads/2020/10/Fluegel-scaled-350x349.jpg 350w, https://www.foerderverein-emg.de/wp-content/uploads/2020/10/Fluegel-300x300.jpg 300w, https://www.foerderverein-emg.de/wp-content/uploads/2020/10/Fluegel-150x150.jpg 150w, https://www.foerderverein-emg.de/wp-content/uploads/2020/10/Fluegel-768x766.jpg 768w, https://www.foerderverein-emg.de/wp-content/uploads/2020/10/Fluegel-1536x1533.jpg 1536w, https://www.foerderverein-emg.de/wp-content/uploads/2020/10/Fluegel-2048x2043.jpg 2048w" sizes="auto, (max-width: 767px) 89vw, (max-width: 1000px) 54vw, (max-width: 1071px) 543px, 580px" /></figure><div class="wp-block-media-text__content">
<p style="font-size:14px"><strong>Steinway&amp;Sons-Flügel</strong><br>Der Flügel konnte in einer aufwendigen Überholung der Mechanik wieder technisch einwandfrei bespielbar und klanglich perfekt gemacht werden. Dieses Projekt konnte durch eine großzügige Spende der Raiffeisenbank Frechen-Hürth eG finanziert werden.</p>
</div></div>



<div style="height:40px" aria-hidden="true" class="wp-block-spacer"></div>



<div class="wp-block-media-text alignwide is-stacked-on-mobile" style="grid-template-columns:33% auto"><figure class="wp-block-media-text__media"><img loading="lazy" decoding="async" width="320" height="240" src="https://www.foerderverein-emg.de/wp-content/uploads/2020/10/Tassen_EMG.jpeg" alt="" class="wp-image-260 size-full" srcset="https://www.foerderverein-emg.de/wp-content/uploads/2020/10/Tassen_EMG.jpeg 320w, https://www.foerderverein-emg.de/wp-content/uploads/2020/10/Tassen_EMG-300x225.jpeg 300w" sizes="auto, (max-width: 320px) 100vw, 320px" /></figure><div class="wp-block-media-text__content">
<p style="font-size:14px"><strong>Merchandising</strong><br>Die zurückgestellte Vorfinanzierung der Tassen mit dem EMG-Logo konnte realisiert werden und wird über den Verkauf bei mehreren Schulveranstaltungen amortisiert.</p>
</div></div>



<div style="height:40px" aria-hidden="true" class="wp-block-spacer"></div>



<div class="wp-block-media-text alignwide is-stacked-on-mobile" style="grid-template-columns:34% auto"><figure class="wp-block-media-text__media"><img loading="lazy" decoding="async" width="480" height="640" src="https://www.foerderverein-emg.de/wp-content/uploads/2020/10/Jahrbuch_2020.jpg" alt="" class="wp-image-273 size-full" srcset="https://www.foerderverein-emg.de/wp-content/uploads/2020/10/Jahrbuch_2020.jpg 480w, https://www.foerderverein-emg.de/wp-content/uploads/2020/10/Jahrbuch_2020-350x467.jpg 350w, https://www.foerderverein-emg.de/wp-content/uploads/2020/10/Jahrbuch_2020-225x300.jpg 225w" sizes="auto, (max-width: 480px) 100vw, 480px" /></figure><div class="wp-block-media-text__content">
<p style="font-size:14px"><strong>Jahrbuch 2019</strong><br>Das Jahrbuch 2019 wurde durch den Förderverein vorfinanziert und konnte dieses Jahr durch die Mithilfe vieler Sponsoren für den Anzeigenteil und den Verkauf an Interessenten mehr als kostendeckend verkauft werden.</p>
</div></div>



<p></p>

<p>Unter den Projekten sind größere Anschaffungen ( &gt; 2.000 € ) gelistet, die eine längere Planung benötigen und oft über zweckgebunde Spenden finanziert werden. Tablet-KofferEs wurde ein IPad-Koffer angeschafft, um allen Schülerinnen und Schüler im Unterricht die Lerninhalte &#8211; zunächst im Fach Biologie &#8211; mit einem Tablet zu vermitteln. Das Buch kann nicht nur gegen &hellip; </p>
<p class="link-more"><a href="https://www.foerderverein-emg.de/?page_id=222" class="more-link"><span class="screen-reader-text">„Projekte 2019“ </span>weiterlesen</a></p>
