{"id":56,"date":"2019-04-01T13:47:13","date_gmt":"2019-04-01T11:47:13","guid":{"rendered":"https:\/\/www.foerderverein-emg.de\/?page_id=56"},"modified":"2021-01-20T14:51:19","modified_gmt":"2021-01-20T13:51:19","slug":"archive","status":"publish","type":"page","link":"https:\/\/www.foerderverein-emg.de\/?page_id=56","title":{"rendered":"Archive"},"content":{"rendered":"\n<h2 class=\"wp-block-heading\" style=\"font-size:22px\"><strong>AKTIVIT\u00c4TEN 2018<\/strong><\/h2>\n\n\n\n<figure class=\"wp-block-table is-style-regular\"><table><tbody><tr><td><strong>Mittelverwendung<\/strong><\/td><td><strong>Fachschaft<\/strong><\/td><\/tr><tr><td>Noten &#8222;ABBA&#8220; f\u00fcr Schulkonzert<\/td><td>Musik<\/td><\/tr><tr><td>Buchgeschenke Vorlese-WB<\/td><td>Deutsch<\/td><\/tr><tr><td>Zuschuss f\u00fcr Neuauflage Schulflyer<\/td><td>alle<\/td><\/tr><tr><td>Ersatztaschenrechner Oberstufe<\/td><td>Q1, Q2<\/td><\/tr><tr><td>Zuschuss f\u00fcr Rasperry Pi Ger\u00e4te<\/td><td>Sch\u00fcler-AG<\/td><\/tr><tr><td>Funkger\u00e4te Sanit\u00e4ter<\/td><td>Sanit\u00e4ter<\/td><\/tr><tr><td>Zuschuss Aspire Conga Set (Trommeln)<\/td><td>Musik<\/td><\/tr><tr><td>Dekoration Sommerfest<\/td><td>alle<\/td><\/tr><tr><td><strong>Projekt Jahrbuch EMG<\/strong><\/td><td>alle<\/td><\/tr><tr><td>Zuschuss f\u00fcr Zeitzeugen<\/td><td>Religion<\/td><\/tr><tr><td>T-Shirts f\u00fcr die B\u00fchnentechnik<\/td><td>Technik-AG<\/td><\/tr><tr><td>Preise f\u00fcr K\u00e4nguru-WB<\/td><td>Mathe<\/td><\/tr><tr><td>Technologie f\u00fcr Ballonprojekt<\/td><td>MINT<\/td><\/tr><tr><td><strong>Projekt Baumlehrpfad<\/strong><\/td><td>alle<\/td><\/tr><tr><td>Schockpads f\u00fcr Defibrilator<\/td><td>Sanit\u00e4ter<\/td><\/tr><tr><td>Zuschuss f\u00fcr Beschallungs- und Lichttechnik Aula<\/td><td>alle<\/td><\/tr><tr><td>T-Shirts und Druck WOMA Teamsport<\/td><td>Sport<\/td><\/tr><tr><td>Mathematikum<\/td><td>Mathe<\/td><\/tr><tr><td>S\u00fc\u00dfigkeiten Karneval<\/td><td>alle<\/td><\/tr><tr><td>Zuschuss Bewirtung: Tag der offenen T\u00fcr, Catering, Ersthelfer<\/td><td>alle<\/td><\/tr><\/tbody><\/table><\/figure>\n\n\n\n<div style=\"height:30px\" aria-hidden=\"true\" class=\"wp-block-spacer\"><\/div>\n\n\n\n<h2 class=\"wp-block-heading\" style=\"font-size:22px\"><strong>AKTIVIT\u00c4TEN 2017<\/strong><\/h2>\n\n\n\n<figure class=\"wp-block-table\"><table><tbody><tr><td><strong>Mittelverwendung<\/strong><\/td><td><strong>Fachschaft<\/strong><\/td><\/tr><tr><td>Weihnachtsdekoration<\/td><td>alle<\/td><\/tr><tr><td><strong>Projekt Whiteboard<\/strong><\/td><td>Erdkunde<\/td><\/tr><tr><td>Aufmerksamkeit Nikolaus-Fu\u00dfballturnier<\/td><td>Sport<\/td><\/tr><tr><td>Buchgeschenke Vorlese-WB<\/td><td>Deutsch<\/td><\/tr><tr><td><strong>Projekt Mathematikum<\/strong><\/td><td>Mathe<\/td><\/tr><tr><td>Zuschuss f\u00fcr Zeitzeugen<\/td><td>Religion<\/td><\/tr><tr><td>Reisekostenerstattungen<\/td><td>alle<\/td><\/tr><tr><td><strong>Projekt Jahrbuch EMG<\/strong><\/td><td>alle<\/td><\/tr><tr><td>Kauf Gew\u00e4chshaus<\/td><td>Sch\u00fcler-AG<\/td><\/tr><tr><td>Material f\u00fcr F\u00e4rberworkshop<\/td><td>Klasse 8<\/td><\/tr><tr><td>Zuschuss f\u00fcr Beratungsraum<\/td><td>alle<\/td><\/tr><tr><td>Zuschuss Sch\u00fcleraustausch Skawina<\/td><td>Klasse 9<\/td><\/tr><tr><td>Zuschuss f\u00fcr Schulrobotor<\/td><td>alle<\/td><\/tr><tr><td>Baum f\u00fcr Schulgarten<\/td><td>Klasse 9<\/td><\/tr><tr><td>S\u00fc\u00dfigkeiten Karneval<\/td><td>alle<\/td><\/tr><tr><td>K\u00e4nguru-WB<\/td><td>Mathe<\/td><\/tr><tr><td>Bronze-Eulen Dies Academicus<\/td><td>Q1<\/td><\/tr><tr><td>Zuschuss Bewirtung: Tag der offenen T\u00fcr, Catering, Ersthelfer, Polenaustausch<\/td><td>alle<\/td><\/tr><tr><td>B\u00fchnenbild &#8222;Kwela&#8220;<\/td><td>Chor<\/td><\/tr><\/tbody><\/table><\/figure>\n\n\n\n<div style=\"height:30px\" aria-hidden=\"true\" class=\"wp-block-spacer\"><\/div>\n\n\n\n<h2 class=\"wp-block-heading\" style=\"font-size:22px\"><strong>AKTIVIT\u00c4TEN 2016<\/strong><\/h2>\n\n\n\n<figure class=\"wp-block-table\"><table><tbody><tr><td><strong>Mittelverwendung<\/strong><\/td><td><strong>Fachschaft<\/strong><\/td><\/tr><tr><td>Schiedsrichtergeb\u00fchr Sport-WB<\/td><td>Sport<\/td><\/tr><tr><td>Zuschuss f\u00fcr Chorfahrt<\/td><td>Chor<\/td><\/tr><tr><td>Weihnachtsdekoration<\/td><td>alle<\/td><\/tr><tr><td>Zuschuss Bewirtung: Sommerfest, Kennenlernnachmittag<\/td><td>alle<\/td><\/tr><tr><td>B\u00fchnenbild und Auslagen Musical<\/td><td>Chor<\/td><\/tr><tr><td>Technik f\u00fcr Sommerfest<\/td><td>alle<\/td><\/tr><tr><td>Zuschuss f\u00fcr Zeitzeugen<\/td><td>Religion<\/td><\/tr><tr><td><strong>Projekt Jahrbuch<\/strong><\/td><td>alle<\/td><\/tr><tr><td>Einf\u00fchrungsgeschenk Taschenrechner<\/td><td>Klasse 5<\/td><\/tr><tr><td>Auslagen Literaturkurs<\/td><td>Q1<\/td><\/tr><tr><td><strong>Projekt Umgestaltung und Aufwertung Innenhof<\/strong><\/td><td>alle<\/td><\/tr><tr><td>Sch\u00fclerversuch Gentechnik<\/td><td>Biologie<\/td><\/tr><tr><td><strong>Projekt Renovierung Oberstufenraum<\/strong><\/td><td>EF,Q1,Q2<\/td><\/tr><tr><td>Dekoration Karnevalsfeier<\/td><td>alle<\/td><\/tr><tr><td>Zuschuss f\u00fcr Schulroboter<\/td><td>alle<\/td><\/tr><\/tbody><\/table><\/figure>\n\n\n\n<p><\/p>\n","protected":false},"excerpt":{"rendered":"<p>AKTIVIT\u00c4TEN 2018 Mittelverwendung Fachschaft Noten &#8222;ABBA&#8220; f\u00fcr Schulkonzert Musik Buchgeschenke Vorlese-WB Deutsch Zuschuss f\u00fcr Neuauflage Schulflyer alle Ersatztaschenrechner Oberstufe Q1, Q2 Zuschuss f\u00fcr Rasperry Pi Ger\u00e4te Sch\u00fcler-AG Funkger\u00e4te Sanit\u00e4ter Sanit\u00e4ter Zuschuss Aspire Conga Set (Trommeln) Musik Dekoration Sommerfest alle Projekt Jahrbuch EMG alle Zuschuss f\u00fcr Zeitzeugen Religion T-Shirts f\u00fcr die B\u00fchnentechnik Technik-AG Preise f\u00fcr K\u00e4nguru-WB &hellip; <\/p>\n<p class=\"link-more\"><a href=\"https:\/\/www.foerderverein-emg.de\/?page_id=56\" class=\"more-link\"><span class=\"screen-reader-text\">\u201eArchive\u201c <\/span>weiterlesen<\/a><\/p>\n","protected":false},"author":1,"featured_media":0,"parent":0,"menu_order":0,"comment_status":"closed","ping_status":"closed","template":"","meta":{"footnotes":""},"class_list":["post-56","page","type-page","status-publish","hentry"],"_links":{"self":[{"href":"https:\/\/www.foerderverein-emg.de\/index.php?rest_route=\/wp\/v2\/pages\/56","targetHints":{"allow":["GET"]}}],"collection":[{"href":"https:\/\/www.foerderverein-emg.de\/index.php?rest_route=\/wp\/v2\/pages"}],"about":[{"href":"https:\/\/www.foerderverein-emg.de\/index.php?rest_route=\/wp\/v2\/types\/page"}],"author":[{"embeddable":true,"href":"https:\/\/www.foerderverein-emg.de\/index.php?rest_route=\/wp\/v2\/users\/1"}],"replies":[{"embeddable":true,"href":"https:\/\/www.foerderverein-emg.de\/index.php?rest_route=%2Fwp%2Fv2%2Fcomments&post=56"}],"version-history":[{"count":15,"href":"https:\/\/www.foerderverein-emg.de\/index.php?rest_route=\/wp\/v2\/pages\/56\/revisions"}],"predecessor-version":[{"id":455,"href":"https:\/\/www.foerderverein-emg.de\/index.php?rest_route=\/wp\/v2\/pages\/56\/revisions\/455"}],"wp:attachment":[{"href":"https:\/\/www.foerderverein-emg.de\/index.php?rest_route=%2Fwp%2Fv2%2Fmedia&parent=56"}],"curies":[{"name":"wp","href":"https:\/\/api.w.org\/{rel}","templated":true}]}}